{"id":270,"date":"2025-02-20T14:24:15","date_gmt":"2025-02-20T13:24:15","guid":{"rendered":"https:\/\/www.allonsalacampagne.fr\/?page_id=270"},"modified":"2025-03-13T15:20:29","modified_gmt":"2025-03-13T14:20:29","slug":"accueil","status":"publish","type":"page","link":"https:\/\/www.allonsalacampagne.fr\/","title":{"rendered":"Accueil"},"content":{"rendered":"\n<h2 class=\"wp-block-heading has-text-align-center\">Prendre soin de son foyer<\/h2>\n\n\n\n<div class=\"wp-block-media-text is-stacked-on-mobile\"><figure class=\"wp-block-media-text__media\"><img loading=\"lazy\" decoding=\"async\" width=\"767\" height=\"1024\" src=\"http:\/\/www.allonsalacampagne.fr\/wp-content\/uploads\/2025\/02\/Recolte-potager-edited-767x1024.jpg\" alt=\"\" class=\"wp-image-314 size-full\" srcset=\"https:\/\/www.allonsalacampagne.fr\/wp-content\/uploads\/2025\/02\/Recolte-potager-edited-767x1024.jpg 767w, https:\/\/www.allonsalacampagne.fr\/wp-content\/uploads\/2025\/02\/Recolte-potager-edited-225x300.jpg 225w, https:\/\/www.allonsalacampagne.fr\/wp-content\/uploads\/2025\/02\/Recolte-potager-edited-768x1025.jpg 768w, https:\/\/www.allonsalacampagne.fr\/wp-content\/uploads\/2025\/02\/Recolte-potager-edited-1151x1536.jpg 1151w, https:\/\/www.allonsalacampagne.fr\/wp-content\/uploads\/2025\/02\/Recolte-potager-edited-1140x1521.jpg 1140w, https:\/\/www.allonsalacampagne.fr\/wp-content\/uploads\/2025\/02\/Recolte-potager-edited-600x801.jpg 600w, https:\/\/www.allonsalacampagne.fr\/wp-content\/uploads\/2025\/02\/Recolte-potager-edited.jpg 1280w\" sizes=\"auto, (max-width: 767px) 100vw, 767px\" \/><\/figure><div class=\"wp-block-media-text__content\">\n<p>Je suis convaincue qu&#8217;une vie \u00e9panouie passe par un mode de vie adapt\u00e9 : une nourriture dense, vivante et nourrissante, du temps en ext\u00e9rieur et une connexion \u00e0 la nature, des liens et relations de qualit\u00e9, une vie spirituelle d\u00e9velopp\u00e9e, une mise en mouvement de son corps et un endroit o\u00f9 se ressourcer. Ce sont tous ces aspects que j&#8217;aborde dans mon journal. L&#8217;espace-ressource est pour moi ma maison : je dois m&#8217;y sentir bien et c&#8217;est l\u00e0 que j&#8217;exp\u00e9rimente et mets en pratique mes apprentissages. J&#8217;esp\u00e8re vous transmettre ici un peu de ces exp\u00e9riences et de cette fa\u00e7on de romantiser mon quotidien !<\/p>\n\n\n\n<p><em>Bienvenue chez moi ! <\/em><\/p>\n<\/div><\/div>\n\n\n<div class=\"wp-block-image\">\n<figure class=\"aligncenter size-large\"><img loading=\"lazy\" decoding=\"async\" width=\"1024\" height=\"576\" src=\"https:\/\/www.allonsalacampagne.fr\/wp-content\/uploads\/2025\/02\/Home-1024x576.png\" alt=\"\" class=\"wp-image-311\" srcset=\"https:\/\/www.allonsalacampagne.fr\/wp-content\/uploads\/2025\/02\/Home-1024x576.png 1024w, https:\/\/www.allonsalacampagne.fr\/wp-content\/uploads\/2025\/02\/Home-300x169.png 300w, https:\/\/www.allonsalacampagne.fr\/wp-content\/uploads\/2025\/02\/Home-768x432.png 768w, https:\/\/www.allonsalacampagne.fr\/wp-content\/uploads\/2025\/02\/Home-1536x864.png 1536w, https:\/\/www.allonsalacampagne.fr\/wp-content\/uploads\/2025\/02\/Home-1140x641.png 1140w, https:\/\/www.allonsalacampagne.fr\/wp-content\/uploads\/2025\/02\/Home-600x338.png 600w, https:\/\/www.allonsalacampagne.fr\/wp-content\/uploads\/2025\/02\/Home.png 1920w\" sizes=\"auto, (max-width: 1024px) 100vw, 1024px\" \/><\/figure>\n<\/div>\n\n\n<h2 class=\"wp-block-heading has-text-align-center\"><strong>\u00c0 lire dans mon journal<\/strong><\/h2>\n\n\n\n<div class=\"wp-block-columns are-vertically-aligned-center is-layout-flex wp-container-core-columns-is-layout-9d6595d7 wp-block-columns-is-layout-flex\">\n<div class=\"wp-block-column is-vertically-aligned-center is-layout-flow wp-block-column-is-layout-flow\" style=\"flex-basis:100%\">\n\t\t\t<div class=\"wp-block-uagb-post-grid uagb-post-grid .wp-block-uagb-post-grid .uagb-post__read-more {     color: #000000 !important; \/* Lire la suite *\/ } uagb-post__image-position-top uagb-post__image-enabled uagb-block-8b17b56a     uagb-post__items uagb-post__columns-3 is-grid uagb-post__columns-tablet-2 uagb-post__columns-mobile-1 uagb-post__equal-height uagb-equal_height_inline-read-more-buttons\" data-total=\"5\" style=\"\">\n\n\t\t\t\t\t\t\t\t\t\t\t\t<article class=\"uagb-post__inner-wrap\">\t\t\t\t\t\t\t\t<div class='uagb-post__image'>\n\t\t\t\t\t\t\t\t\t<a href=\"https:\/\/www.allonsalacampagne.fr\/index.php\/rituel-de-rentree\/\" target=\"_self\" rel=\"bookmark noopener noreferrer\" class='uagb-image-ratio-2-3'><img loading=\"lazy\" decoding=\"async\" width=\"960\" height=\"720\" src=\"https:\/\/www.allonsalacampagne.fr\/wp-content\/uploads\/2025\/09\/rituel-matin-rentree-1-1024x768.jpg\" class=\"attachment-large size-large\" alt=\"Plateau matin\" srcset=\"https:\/\/www.allonsalacampagne.fr\/wp-content\/uploads\/2025\/09\/rituel-matin-rentree-1-1024x768.jpg 1024w, https:\/\/www.allonsalacampagne.fr\/wp-content\/uploads\/2025\/09\/rituel-matin-rentree-1-300x225.jpg 300w, https:\/\/www.allonsalacampagne.fr\/wp-content\/uploads\/2025\/09\/rituel-matin-rentree-1-768x576.jpg 768w, https:\/\/www.allonsalacampagne.fr\/wp-content\/uploads\/2025\/09\/rituel-matin-rentree-1-1536x1152.jpg 1536w, https:\/\/www.allonsalacampagne.fr\/wp-content\/uploads\/2025\/09\/rituel-matin-rentree-1-1140x855.jpg 1140w, https:\/\/www.allonsalacampagne.fr\/wp-content\/uploads\/2025\/09\/rituel-matin-rentree-1-600x450.jpg 600w, https:\/\/www.allonsalacampagne.fr\/wp-content\/uploads\/2025\/09\/rituel-matin-rentree-1.jpg 1920w\" sizes=\"auto, (max-width: 960px) 100vw, 960px\" \/>\t\t\t\t\t<\/a>\n\t\t\t\t\t\t\t<\/div>\n\t\t\t\t\t\t<h4 class=\"uagb-post__title uagb-post__text\">\n\t\t\t\t<a href=\"https:\/\/www.allonsalacampagne.fr\/index.php\/rituel-de-rentree\/\" target=\"_self\" rel=\"bookmark noopener noreferrer\">Mon rituel de rentr\u00e9e pour accueillir l\u2019automne sereinement<\/a>\n\t\t\t<\/h4>\n\t\t\t\t\t\t<div class=\"uagb-post__text uagb-post__cta wp-block-button\">\n\t\t\t\t<a class=\"wp-block-button__link uagb-text-link\" style=\"\" href=\"https:\/\/www.allonsalacampagne.fr\/index.php\/rituel-de-rentree\/\" target=\"_self\" rel=\"bookmark noopener noreferrer\">Read More<\/a>\n\t\t\t<\/div>\n\t\t\t\n\t\t\t\t\t\t\t\t\t<\/article>\n\t\t\t\t\t\t\t\t\t\t\t\t\t\t\t\t<article class=\"uagb-post__inner-wrap\">\t\t\t\t\t\t\t\t<div class='uagb-post__image'>\n\t\t\t\t\t\t\t\t\t<a href=\"https:\/\/www.allonsalacampagne.fr\/index.php\/cuisine-rustique-familiale\/\" target=\"_self\" rel=\"bookmark noopener noreferrer\" class='uagb-image-ratio-2-3'><img loading=\"lazy\" decoding=\"async\" width=\"960\" height=\"640\" src=\"https:\/\/www.allonsalacampagne.fr\/wp-content\/uploads\/2025\/06\/cuisine-rustique-familiale-1024x683.jpg\" class=\"attachment-large size-large\" alt=\"table familiale\" srcset=\"https:\/\/www.allonsalacampagne.fr\/wp-content\/uploads\/2025\/06\/cuisine-rustique-familiale-1024x683.jpg 1024w, https:\/\/www.allonsalacampagne.fr\/wp-content\/uploads\/2025\/06\/cuisine-rustique-familiale-300x200.jpg 300w, https:\/\/www.allonsalacampagne.fr\/wp-content\/uploads\/2025\/06\/cuisine-rustique-familiale-768x512.jpg 768w, https:\/\/www.allonsalacampagne.fr\/wp-content\/uploads\/2025\/06\/cuisine-rustique-familiale-1536x1024.jpg 1536w, https:\/\/www.allonsalacampagne.fr\/wp-content\/uploads\/2025\/06\/cuisine-rustique-familiale-1140x760.jpg 1140w, https:\/\/www.allonsalacampagne.fr\/wp-content\/uploads\/2025\/06\/cuisine-rustique-familiale-600x400.jpg 600w, https:\/\/www.allonsalacampagne.fr\/wp-content\/uploads\/2025\/06\/cuisine-rustique-familiale.jpg 1920w\" sizes=\"auto, (max-width: 960px) 100vw, 960px\" \/>\t\t\t\t\t<\/a>\n\t\t\t\t\t\t\t<\/div>\n\t\t\t\t\t\t<h4 class=\"uagb-post__title uagb-post__text\">\n\t\t\t\t<a href=\"https:\/\/www.allonsalacampagne.fr\/index.php\/cuisine-rustique-familiale\/\" target=\"_self\" rel=\"bookmark noopener noreferrer\">Des id\u00e9es de repas simples et r\u00e9confortants inspir\u00e9s d&#8217;autrefois<\/a>\n\t\t\t<\/h4>\n\t\t\t\t\t\t<div class=\"uagb-post__text uagb-post__cta wp-block-button\">\n\t\t\t\t<a class=\"wp-block-button__link uagb-text-link\" style=\"\" href=\"https:\/\/www.allonsalacampagne.fr\/index.php\/cuisine-rustique-familiale\/\" target=\"_self\" rel=\"bookmark noopener noreferrer\">Read More<\/a>\n\t\t\t<\/div>\n\t\t\t\n\t\t\t\t\t\t\t\t\t<\/article>\n\t\t\t\t\t\t\t\t\t\t\t\t\t\t\t\t<article class=\"uagb-post__inner-wrap\">\t\t\t\t\t\t\t\t<div class='uagb-post__image'>\n\t\t\t\t\t\t\t\t\t<a href=\"https:\/\/www.allonsalacampagne.fr\/index.php\/profiter-du-printemps-avec-bebe\/\" target=\"_self\" rel=\"bookmark noopener noreferrer\" class='uagb-image-ratio-2-3'><img loading=\"lazy\" decoding=\"async\" width=\"960\" height=\"640\" src=\"https:\/\/www.allonsalacampagne.fr\/wp-content\/uploads\/2025\/05\/profiter-printemps-bebe-2-1024x683.jpg\" class=\"attachment-large size-large\" alt=\"r\u00e9colte cerises\" srcset=\"https:\/\/www.allonsalacampagne.fr\/wp-content\/uploads\/2025\/05\/profiter-printemps-bebe-2-1024x683.jpg 1024w, https:\/\/www.allonsalacampagne.fr\/wp-content\/uploads\/2025\/05\/profiter-printemps-bebe-2-300x200.jpg 300w, https:\/\/www.allonsalacampagne.fr\/wp-content\/uploads\/2025\/05\/profiter-printemps-bebe-2-768x512.jpg 768w, https:\/\/www.allonsalacampagne.fr\/wp-content\/uploads\/2025\/05\/profiter-printemps-bebe-2-1536x1024.jpg 1536w, https:\/\/www.allonsalacampagne.fr\/wp-content\/uploads\/2025\/05\/profiter-printemps-bebe-2-1140x760.jpg 1140w, https:\/\/www.allonsalacampagne.fr\/wp-content\/uploads\/2025\/05\/profiter-printemps-bebe-2-600x400.jpg 600w, https:\/\/www.allonsalacampagne.fr\/wp-content\/uploads\/2025\/05\/profiter-printemps-bebe-2.jpg 1920w\" sizes=\"auto, (max-width: 960px) 100vw, 960px\" \/>\t\t\t\t\t<\/a>\n\t\t\t\t\t\t\t<\/div>\n\t\t\t\t\t\t<h4 class=\"uagb-post__title uagb-post__text\">\n\t\t\t\t<a href=\"https:\/\/www.allonsalacampagne.fr\/index.php\/profiter-du-printemps-avec-bebe\/\" target=\"_self\" rel=\"bookmark noopener noreferrer\">Profiter du printemps avec un b\u00e9b\u00e9 : mes astuces en post-partum<\/a>\n\t\t\t<\/h4>\n\t\t\t\t\t\t<div class=\"uagb-post__text uagb-post__cta wp-block-button\">\n\t\t\t\t<a class=\"wp-block-button__link uagb-text-link\" style=\"\" href=\"https:\/\/www.allonsalacampagne.fr\/index.php\/profiter-du-printemps-avec-bebe\/\" target=\"_self\" rel=\"bookmark noopener noreferrer\">Read More<\/a>\n\t\t\t<\/div>\n\t\t\t\n\t\t\t\t\t\t\t\t\t<\/article>\n\t\t\t\t\t\t\t\t\t\t\t<\/div>\n\t\t\t<\/div>\n<\/div>\n\n\n\n<h2 class=\"wp-block-heading has-text-align-center\"><strong>\u00c0 d\u00e9couvrir dans ma boutique<\/strong><\/h2>\n\n\n\n<p class=\"has-text-align-center has-medium-font-size\"><em>\u00e0 venir<\/em><\/p>\n","protected":false},"excerpt":{"rendered":"<p>Prendre soin de son foyer Je suis convaincue qu&#8217;une vie \u00e9panouie passe par un mode de vie adapt\u00e9 : une nourriture dense, vivante et nourrissante, du temps en ext\u00e9rieur et une connexion \u00e0 la nature, des liens et relations de qualit\u00e9, une vie spirituelle d\u00e9velopp\u00e9e, une mise en mouvement de son corps et un endroit o\u00f9 se ressourcer. Ce sont tous ces aspects que j&#8217;aborde dans mon journal. L&#8217;espace-ressource est pour moi ma maison : je dois m&#8217;y sentir bien et c&#8217;est l\u00e0 que j&#8217;exp\u00e9rimente et mets en pratique mes apprentissages. J&#8217;esp\u00e8re vous transmettre ici un peu de ces exp\u00e9riences et de cette fa\u00e7on de romantiser mon quotidien ! Bienvenue chez moi ! \u00c0 lire dans mon journal \u00c0 d\u00e9couvrir dans ma boutique \u00e0 venir<\/p>\n","protected":false},"author":1,"featured_media":277,"parent":0,"menu_order":0,"comment_status":"closed","ping_status":"closed","template":"","meta":{"om_disable_all_campaigns":false,"_uag_custom_page_level_css":"","_monsterinsights_skip_tracking":false,"_monsterinsights_sitenote_active":false,"_monsterinsights_sitenote_note":"","_monsterinsights_sitenote_category":0,"footnotes":""},"class_list":["post-270","page","type-page","status-publish","has-post-thumbnail","hentry"],"yoast_head":"<!-- This site is optimized with the Yoast SEO plugin v24.6 - https:\/\/yoast.com\/wordpress\/plugins\/seo\/ -->\n<title>Accueil - Allons \u00e0 la campagne<\/title>\n<meta name=\"robots\" content=\"index, follow, max-snippet:-1, max-image-preview:large, max-video-preview:-1\" \/>\n<link rel=\"canonical\" href=\"https:\/\/www.allonsalacampagne.fr\/\" \/>\n<meta property=\"og:locale\" content=\"en_US\" \/>\n<meta property=\"og:type\" content=\"article\" \/>\n<meta property=\"og:title\" content=\"Accueil - Allons \u00e0 la campagne\" \/>\n<meta property=\"og:description\" content=\"Prendre soin de son foyer Je suis convaincue qu&#8217;une vie \u00e9panouie passe par un mode de vie adapt\u00e9 : une nourriture dense, vivante et nourrissante, du temps en ext\u00e9rieur et une connexion \u00e0 la nature, des liens et relations de qualit\u00e9, une vie spirituelle d\u00e9velopp\u00e9e, une mise en mouvement de son corps et un endroit o\u00f9 se ressourcer. Ce sont tous ces aspects que j&#8217;aborde dans mon journal. L&#8217;espace-ressource est pour moi ma maison : je dois m&#8217;y sentir bien et c&#8217;est l\u00e0 que j&#8217;exp\u00e9rimente et mets en pratique mes apprentissages. J&#8217;esp\u00e8re vous transmettre ici un peu de ces exp\u00e9riences et de cette fa\u00e7on de romantiser mon quotidien ! Bienvenue chez moi ! \u00c0 lire dans mon journal \u00c0 d\u00e9couvrir dans ma boutique \u00e0 venir\" \/>\n<meta property=\"og:url\" content=\"https:\/\/www.allonsalacampagne.fr\/\" \/>\n<meta property=\"og:site_name\" content=\"Allons \u00e0 la campagne\" \/>\n<meta property=\"article:modified_time\" content=\"2025-03-13T14:20:29+00:00\" \/>\n<meta property=\"og:image\" content=\"http:\/\/www.allonsalacampagne.fr\/wp-content\/uploads\/2025\/02\/Homemade.jpg\" \/>\n\t<meta property=\"og:image:width\" content=\"1920\" \/>\n\t<meta property=\"og:image:height\" content=\"1276\" \/>\n\t<meta property=\"og:image:type\" content=\"image\/jpeg\" \/>\n<meta name=\"twitter:card\" content=\"summary_large_image\" \/>\n<meta name=\"twitter:label1\" content=\"Est. reading time\" \/>\n\t<meta name=\"twitter:data1\" content=\"2 minutes\" \/>\n<script type=\"application\/ld+json\" class=\"yoast-schema-graph\">{\"@context\":\"https:\/\/schema.org\",\"@graph\":[{\"@type\":\"WebPage\",\"@id\":\"https:\/\/www.allonsalacampagne.fr\/\",\"url\":\"https:\/\/www.allonsalacampagne.fr\/\",\"name\":\"Accueil - Allons \u00e0 la campagne\",\"isPartOf\":{\"@id\":\"https:\/\/www.allonsalacampagne.fr\/#website\"},\"primaryImageOfPage\":{\"@id\":\"https:\/\/www.allonsalacampagne.fr\/#primaryimage\"},\"image\":{\"@id\":\"https:\/\/www.allonsalacampagne.fr\/#primaryimage\"},\"thumbnailUrl\":\"https:\/\/www.allonsalacampagne.fr\/wp-content\/uploads\/2025\/02\/Homemade.jpg\",\"datePublished\":\"2025-02-20T13:24:15+00:00\",\"dateModified\":\"2025-03-13T14:20:29+00:00\",\"breadcrumb\":{\"@id\":\"https:\/\/www.allonsalacampagne.fr\/#breadcrumb\"},\"inLanguage\":\"en-US\",\"potentialAction\":[{\"@type\":\"ReadAction\",\"target\":[\"https:\/\/www.allonsalacampagne.fr\/\"]}]},{\"@type\":\"ImageObject\",\"inLanguage\":\"en-US\",\"@id\":\"https:\/\/www.allonsalacampagne.fr\/#primaryimage\",\"url\":\"https:\/\/www.allonsalacampagne.fr\/wp-content\/uploads\/2025\/02\/Homemade.jpg\",\"contentUrl\":\"https:\/\/www.allonsalacampagne.fr\/wp-content\/uploads\/2025\/02\/Homemade.jpg\",\"width\":1920,\"height\":1276,\"caption\":\"Biscuits faits maison\"},{\"@type\":\"BreadcrumbList\",\"@id\":\"https:\/\/www.allonsalacampagne.fr\/#breadcrumb\",\"itemListElement\":[{\"@type\":\"ListItem\",\"position\":1,\"name\":\"Accueil\",\"item\":\"https:\/\/www.allonsalacampagne.fr\/\"},{\"@type\":\"ListItem\",\"position\":2,\"name\":\"Accueil\"}]},{\"@type\":\"WebSite\",\"@id\":\"https:\/\/www.allonsalacampagne.fr\/#website\",\"url\":\"https:\/\/www.allonsalacampagne.fr\/\",\"name\":\"Allons \u00e0 la campagne\",\"description\":\"Le site du homemaking \u00e0 la fran\u00e7aise\",\"potentialAction\":[{\"@type\":\"SearchAction\",\"target\":{\"@type\":\"EntryPoint\",\"urlTemplate\":\"https:\/\/www.allonsalacampagne.fr\/?s={search_term_string}\"},\"query-input\":{\"@type\":\"PropertyValueSpecification\",\"valueRequired\":true,\"valueName\":\"search_term_string\"}}],\"inLanguage\":\"en-US\"}]}<\/script>\n<!-- \/ Yoast SEO plugin. -->","yoast_head_json":{"title":"Accueil - Allons \u00e0 la campagne","robots":{"index":"index","follow":"follow","max-snippet":"max-snippet:-1","max-image-preview":"max-image-preview:large","max-video-preview":"max-video-preview:-1"},"canonical":"https:\/\/www.allonsalacampagne.fr\/","og_locale":"en_US","og_type":"article","og_title":"Accueil - Allons \u00e0 la campagne","og_description":"Prendre soin de son foyer Je suis convaincue qu&#8217;une vie \u00e9panouie passe par un mode de vie adapt\u00e9 : une nourriture dense, vivante et nourrissante, du temps en ext\u00e9rieur et une connexion \u00e0 la nature, des liens et relations de qualit\u00e9, une vie spirituelle d\u00e9velopp\u00e9e, une mise en mouvement de son corps et un endroit o\u00f9 se ressourcer. Ce sont tous ces aspects que j&#8217;aborde dans mon journal. L&#8217;espace-ressource est pour moi ma maison : je dois m&#8217;y sentir bien et c&#8217;est l\u00e0 que j&#8217;exp\u00e9rimente et mets en pratique mes apprentissages. J&#8217;esp\u00e8re vous transmettre ici un peu de ces exp\u00e9riences et de cette fa\u00e7on de romantiser mon quotidien ! Bienvenue chez moi ! \u00c0 lire dans mon journal \u00c0 d\u00e9couvrir dans ma boutique \u00e0 venir","og_url":"https:\/\/www.allonsalacampagne.fr\/","og_site_name":"Allons \u00e0 la campagne","article_modified_time":"2025-03-13T14:20:29+00:00","og_image":[{"width":1920,"height":1276,"url":"http:\/\/www.allonsalacampagne.fr\/wp-content\/uploads\/2025\/02\/Homemade.jpg","type":"image\/jpeg"}],"twitter_card":"summary_large_image","twitter_misc":{"Est. reading time":"2 minutes"},"schema":{"@context":"https:\/\/schema.org","@graph":[{"@type":"WebPage","@id":"https:\/\/www.allonsalacampagne.fr\/","url":"https:\/\/www.allonsalacampagne.fr\/","name":"Accueil - Allons \u00e0 la campagne","isPartOf":{"@id":"https:\/\/www.allonsalacampagne.fr\/#website"},"primaryImageOfPage":{"@id":"https:\/\/www.allonsalacampagne.fr\/#primaryimage"},"image":{"@id":"https:\/\/www.allonsalacampagne.fr\/#primaryimage"},"thumbnailUrl":"https:\/\/www.allonsalacampagne.fr\/wp-content\/uploads\/2025\/02\/Homemade.jpg","datePublished":"2025-02-20T13:24:15+00:00","dateModified":"2025-03-13T14:20:29+00:00","breadcrumb":{"@id":"https:\/\/www.allonsalacampagne.fr\/#breadcrumb"},"inLanguage":"en-US","potentialAction":[{"@type":"ReadAction","target":["https:\/\/www.allonsalacampagne.fr\/"]}]},{"@type":"ImageObject","inLanguage":"en-US","@id":"https:\/\/www.allonsalacampagne.fr\/#primaryimage","url":"https:\/\/www.allonsalacampagne.fr\/wp-content\/uploads\/2025\/02\/Homemade.jpg","contentUrl":"https:\/\/www.allonsalacampagne.fr\/wp-content\/uploads\/2025\/02\/Homemade.jpg","width":1920,"height":1276,"caption":"Biscuits faits maison"},{"@type":"BreadcrumbList","@id":"https:\/\/www.allonsalacampagne.fr\/#breadcrumb","itemListElement":[{"@type":"ListItem","position":1,"name":"Accueil","item":"https:\/\/www.allonsalacampagne.fr\/"},{"@type":"ListItem","position":2,"name":"Accueil"}]},{"@type":"WebSite","@id":"https:\/\/www.allonsalacampagne.fr\/#website","url":"https:\/\/www.allonsalacampagne.fr\/","name":"Allons \u00e0 la campagne","description":"Le site du homemaking \u00e0 la fran\u00e7aise","potentialAction":[{"@type":"SearchAction","target":{"@type":"EntryPoint","urlTemplate":"https:\/\/www.allonsalacampagne.fr\/?s={search_term_string}"},"query-input":{"@type":"PropertyValueSpecification","valueRequired":true,"valueName":"search_term_string"}}],"inLanguage":"en-US"}]}},"uagb_featured_image_src":{"full":["https:\/\/www.allonsalacampagne.fr\/wp-content\/uploads\/2025\/02\/Homemade.jpg",1920,1276,false],"thumbnail":["https:\/\/www.allonsalacampagne.fr\/wp-content\/uploads\/2025\/02\/Homemade-150x150.jpg",150,150,true],"medium":["https:\/\/www.allonsalacampagne.fr\/wp-content\/uploads\/2025\/02\/Homemade-300x199.jpg",300,199,true],"medium_large":["https:\/\/www.allonsalacampagne.fr\/wp-content\/uploads\/2025\/02\/Homemade-768x510.jpg",768,510,true],"large":["https:\/\/www.allonsalacampagne.fr\/wp-content\/uploads\/2025\/02\/Homemade-1024x681.jpg",960,638,true],"1536x1536":["https:\/\/www.allonsalacampagne.fr\/wp-content\/uploads\/2025\/02\/Homemade-1536x1021.jpg",1536,1021,true],"2048x2048":["https:\/\/www.allonsalacampagne.fr\/wp-content\/uploads\/2025\/02\/Homemade.jpg",1920,1276,false],"ashe-slider-full-thumbnail":["https:\/\/www.allonsalacampagne.fr\/wp-content\/uploads\/2025\/02\/Homemade-1080x540.jpg",1080,540,true],"ashe-full-thumbnail":["https:\/\/www.allonsalacampagne.fr\/wp-content\/uploads\/2025\/02\/Homemade-1140x758.jpg",1140,758,true],"ashe-list-thumbnail":["https:\/\/www.allonsalacampagne.fr\/wp-content\/uploads\/2025\/02\/Homemade-300x300.jpg",300,300,true],"ashe-grid-thumbnail":["https:\/\/www.allonsalacampagne.fr\/wp-content\/uploads\/2025\/02\/Homemade-500x330.jpg",500,330,true],"ashe-single-navigation":["https:\/\/www.allonsalacampagne.fr\/wp-content\/uploads\/2025\/02\/Homemade-75x75.jpg",75,75,true],"woocommerce_thumbnail":["https:\/\/www.allonsalacampagne.fr\/wp-content\/uploads\/2025\/02\/Homemade-300x300.jpg",300,300,true],"woocommerce_single":["https:\/\/www.allonsalacampagne.fr\/wp-content\/uploads\/2025\/02\/Homemade-600x399.jpg",600,399,true],"woocommerce_gallery_thumbnail":["https:\/\/www.allonsalacampagne.fr\/wp-content\/uploads\/2025\/02\/Homemade-100x100.jpg",100,100,true]},"uagb_author_info":{"display_name":"Louise","author_link":"https:\/\/www.allonsalacampagne.fr\/index.php\/author\/admin2231\/"},"uagb_comment_info":0,"uagb_excerpt":"Prendre soin de son foyer Je suis convaincue qu&#8217;une vie \u00e9panouie passe par un mode de vie adapt\u00e9 : une nourriture dense, vivante et nourrissante, du temps en ext\u00e9rieur et une connexion \u00e0 la nature, des liens et relations de qualit\u00e9, une vie spirituelle d\u00e9velopp\u00e9e, une mise en mouvement de son corps et un endroit&hellip;","_links":{"self":[{"href":"https:\/\/www.allonsalacampagne.fr\/index.php\/wp-json\/wp\/v2\/pages\/270","targetHints":{"allow":["GET"]}}],"collection":[{"href":"https:\/\/www.allonsalacampagne.fr\/index.php\/wp-json\/wp\/v2\/pages"}],"about":[{"href":"https:\/\/www.allonsalacampagne.fr\/index.php\/wp-json\/wp\/v2\/types\/page"}],"author":[{"embeddable":true,"href":"https:\/\/www.allonsalacampagne.fr\/index.php\/wp-json\/wp\/v2\/users\/1"}],"replies":[{"embeddable":true,"href":"https:\/\/www.allonsalacampagne.fr\/index.php\/wp-json\/wp\/v2\/comments?post=270"}],"version-history":[{"count":29,"href":"https:\/\/www.allonsalacampagne.fr\/index.php\/wp-json\/wp\/v2\/pages\/270\/revisions"}],"predecessor-version":[{"id":350,"href":"https:\/\/www.allonsalacampagne.fr\/index.php\/wp-json\/wp\/v2\/pages\/270\/revisions\/350"}],"wp:featuredmedia":[{"embeddable":true,"href":"https:\/\/www.allonsalacampagne.fr\/index.php\/wp-json\/wp\/v2\/media\/277"}],"wp:attachment":[{"href":"https:\/\/www.allonsalacampagne.fr\/index.php\/wp-json\/wp\/v2\/media?parent=270"}],"curies":[{"name":"wp","href":"https:\/\/api.w.org\/{rel}","templated":true}]}}